2 - 17. Let g(m) = -2*m**2 - 6*m + 3. Give g(v).
-17
Let u = 14 + -11. Let a(f) = -7*f + u*f**2 + 2*f + 2*f - 2*f**3 + 2. Determine a(2).
-8
Let q = 33 + -6. Suppose -4*x - 20 = 0, q = -2*s - 4*x + x. Let c(j) = -j**2 - 8*j - 4. Calculate c(s).
8
Let c(z) = -z**2 - 22*z + 18. Let g be c(-23). Let q(x) = 2*x + 2. What is q(g)?
-8
Let k(o) be the third derivative of -1/6*o**4 + 0*o + 1/60*o**5 + 0 + 2*o**2 + 1/6*o**3. Give k(3).
-2
Let r(m) be the first derivative of m**4/4 + 5*m**3/3 + 5*m**2/2 + 4*m - 25. What is r(-5)?
-21
Let m = 11 + -7. Suppose -z + 10 = m*j, 3*z - z - 9 = 3*j. Let h(n) = 0 + z*n + 1 - 2*n + 0*n. What is h(-2)?
-7
Let p(y) = 7*y**3 + 5*y**2 - y - 1. Let i(k) = 13*k**3 + 9*k**2 - 2*k - 2. Let n(a) = 3*i(a) - 5*p(a). Give n(-2).
-23
Let w(k) be the first derivative of k - 1/3*k**3 + 2*k**2 - 3. Let r = -3 + 6. Give w(r).
4
Suppose 4*d - 124 = -2*a, 4 = d - 4*a - 9. Suppose 4*c - 9 = -d. Let j(v) = v. Calculate j(c).
-5
Let a(g) be the third derivative of -5*g**4/24 + g**3/3 + 19*g**2. Determine a(-5).
27
Let i(z) be the first derivative of z**2 - 2 + 1/60*z**5 + 1/2*z**3 - 1/6*z**4 + 0*z. Let a(o) be the second derivative of i(o). Determine a(5).
8
Let k(z) = -7 + 4*z**2 + 1 + 8*z - 6*z**2 + z**2. Determine k(6).
6
Let j be (33 - 37)*(-1 + 3/4). Let h(w) = 0 - 1 + 2 - 3*w. Calculate h(j).
-2
Let b(t) = -t**3 + 5*t**2 + 9*t - 8. Let h = -16 - -17. Let w be h*(7 - 1) + 0. Give b(w).
10
Let g(u) be the first derivative of -u**4/4 + 5*u**3/3 + u**2 - 6*u - 2. Let w = 81 + -76. Give g(w).
4
Suppose -4*s + 12 + 4 = r, r + s - 1 = 0. Suppose -3*x + 11 = 2. Let f(h) = -3 + 0*h - x*h - 2. Calculate f(r).
7
Let c(i) = -i**2 + i - 5. Suppose 0 = -21*q + 12*q. Determine c(q).
-5
Let q(j) = 2*j - 3. Suppose -11 = -5*m + 4. Suppose u - 2*u + 2*w = 4, 0 = 5*u + m*w - 32. Determine q(u).
5
Let s be 18/27 - 2/3. Suppose -a - 2*n + 1 = s, a + 3*a + 5 = -5*n. Let k(y) = 7*y + y**2 - 1 - 2*y - 3. Calculate k(a).
-4
Let k(f) = -f**2 + 4*f - 5. Let r be 1/5 + 32/(-10). Let a be 1/r*(-18 - -6). Calculate k(a).
-5
Let w(m) = 9*m + 3 - 11*m + m**3 - 4 - m**2. Determine w(-1).
-1
Let t(c) = -c - 4. Let h be t(3). Let r = h - -11. Let z(i) = -i**3 + 0*i**3 + 2*i**3 - 3*i**2 - 3*i. Determine z(r).
4
Let v(a) = 22*a**2 - 10*a - 4. Let h(g) = 7*g**2 - 3*g - 1. Let m(l) = 7*h(l) - 2*v(l). What is m(1)?
5
Let f(m) = -5 + m - 1 - 4*m. Let z be 8/2 - (-2)/(-2). Suppose -t - 27 = z*p - 6*t, 0 = 4*p - 4*t + 28. Determine f(p).
6
Let y(h) = 5*h. Suppose 0 = 4*v - 11*v - 14. What is y(v)?
-10
Let j = -1/61 - -137/915. Let m(l) be the third derivative of -1/6*l**3 - 1/24*l**4 + 0 + j*l**5 + 0*l + 3*l**2. What is m(-1)?
8
Let z = 2 + -2. Let i(y) = -11*y + 15. Let o(a) = -4*a + 5. Let d(b) = -3*i(b) + 8*o(b). What is d(z)?
-5
Let z = 4 + -2. Let d(c) = -3*c - 3*c**3 + 3 - 1 + 2*c**z + 2*c**3 + 0. Give d(2).
-4
Let o = 4 + 6. Let m(x) = x**3 - 9*x**2 - 10*x - 5. Calculate m(o).
-5
Suppose 5*w - 3*n + 5 = -n, 3*w - 2*n + 7 = 0. Let i be -2 + 3 - 2/(-1). Let r(g) = 1 - 5*g**i - 2*g**3 + 4*g - 6*g + 3*g**3. Determine r(w).
-5
Let v(s) = s**2 - 6*s + 5. Let o be v(5). Suppose 0 = 3*x + 4*t + 2, o = 5*x - 2*t - 12 - 2. Let a(n) = -n**2 + n**3 + n + 5*n**x - 3*n**2 + 3 - 2. Give a(0).
1
Let d be -3 + 0 - (-9 - -2). Let w = 4 + -1. Suppose w*u - d - 11 = 0. Let v(g) = g**3 - 4*g**2 - 4*g + 4. Determine v(u).
9
Let i(s) = -s**3 - 4*s**2 - 2*s + 1. Suppose -u = -4*l + 13, -4*l - 3 = -11. Let w be -1 + -1 + (u - -5). Calculate i(w).
-3
Suppose l - 3*m = -5, 5*m = 5*l + m + 14. Let i(j) = j + 2. Let h(o) = -o - 2. Let f(q) = 7*h(q) + 6*i(q). Determine f(l).
0
Let k(c) be the second derivative of 4/3*c**3 - 1/20*c**5 + 0 + 6*c + 5/12*c**4 - 9/2*c**2. What is k(6)?
3
Let m(k) = -k**2 + 6*k + 3. Let t be 2 + (-3 - 27/3). Let a = 15 + t. What is m(a)?
8
Let n(v) = 3*v + 11. Let u be n(-6). Let r(i) = -i**2 - 4*i + 8. Determine r(u).
-13
Let v(l) = -l - 1. Suppose 4*t + 4 = 2*t. Give v(t).
1
Suppose 2*f + 5*g - 6*g - 11 = 0, -g + 13 = 4*f. Let a(z) = -f + 1 + 0 + z + 2. Let r be a(-4). Let b(x) = -x**2 - 7*x - 6. Calculate b(r).
4
Let j(a) = 29*a + 2. Let z(l) = -44*l - 3. Let c(s) = 8*j(s) + 5*z(s). Suppose 32 = 4*v - 4*t + t, -2*t - 8 = 0. Suppose v*f - 3 = 2. Calculate c(f).
13
Let n be (-44)/(-20) + 1/(-5). Let j(m) = -2*m + m**2 + m - 2*m + 3. Calculate j(n).
1
Let h(p) = -5*p + 1. Let d(f) = 4*f - 1. Let k(l) = 4*d(l) + 3*h(l). Let a = 6 + -10. Determine k(a).
-5
Suppose -5*t - 2 = -f, 3*f - 6 + 0 = 2*t. Let b(p) = -6 + 2 + 1 + 3*p + t. Determine b(3).
6
Let m(o) = -o**2 + 2*o + 1. Suppose -n + 4*a + 19 = 0, -a + 16 = 4*n - 2*a. Give m(n).
-2
Let w(s) be the first derivative of -s**4/4 - 4*s**3/3 + 2*s**2 - 2*s + 12. Determine w(-5).
3
Let d(i) = -3*i - 2. Suppose 0 = -2*u + c + 14, -2*c = 4*u + 13 - 33. Suppose 0 = 3*p + u. Determine d(p).
4
Let c(l) = -7*l**2 - 10*l - 1. Let p(r) = 2*r**2 - r + 1. Let k(x) = c(x) + 4*p(x). Calculate k(14).
3
Let p be 7 - (3 + 3)/3. Suppose -p*v = -v + 24. Let y(g) = g**3 + 7*g**2 + 7*g + 1. Give y(v).
-5
Suppose 4*z - 38 = 5*a - 0*z, 0 = 2*a + z + 10. Let u(t) = -t. What is u(a)?
6
Let l(m) = -2*m**3 + 4*m**2 - 3*m + 1. Let g be l(2). Let b(y) = 12*y + 5. Let f(w) = -18*w - 7. Let q(s) = g*f(s) - 7*b(s). What is q(1)?
6
Let c(v) be the first derivative of 1/4*v**4 + v**2 + 0*v + 1 - v**3. What is c(2)?
0
Let k be 1/(-4) - 57/12. Let d(m) = -2*m**3 + 3*m**3 + 0*m**3 - 6 - 2*m**2 + 7*m**2. Give d(k).
-6
Let a = -26 + 23. Let h(q) = -1 - 1 + 0*q - q. Calculate h(a).
1
Let p(b) be the second derivative of b**6/360 - b**5/30 + b**4/24 - b**3 + 7*b. Let x(u) be the second derivative of p(u). Give x(5).
6
Suppose -2*t + 11 - 1 = 0. Let l(h) = -4*h**2 - t + h**2 + 6 + 2*h**2. Give l(-2).
-3
Let h(z) be the second derivative of z**7/420 + z**6/180 - z**5/120 - z**3/3 + 4*z. Let b(i) be the second derivative of h(i). Calculate b(1).
3
Suppose -k + 4 = -1. Let x = -8 + k. Let t(a) = 3*a**2 + a + 5. Let r(j) = 13*j**2 + 3*j + 21. Let g(d) = 2*r(d) - 9*t(d). Calculate g(x).
-3
Let x(p) = p**2 + 6*p + 3. Let y(f) = f**3 - 6*f**2 - f + 2. Let h = 36 - 26. Suppose j + 3*t = 0, 2*j - j - 2*t = h. Let l be y(j). Calculate x(l).
-5
Let m(p) = -p + 11. Let t(h) = -3*h + 32. Let y(x) = -17*m(x) + 6*t(x). Calculate y(3).
2
Let d(y) = y + 8. Let x(r) be the third derivative of r**4/12 - 7*r**3/6 - 3*r**2. Let o be x(6). Suppose 5*g + 15 = o*b, 0*b - 5*b + 3 = -g. Give d(b).
8
Let n(a) = a**2 - 8*a - 13. Suppose -4*d - 6 - 1 = -3*c, 5*d = -3*c + 52. What is n(c)?
-4
Let r(h) be the second derivative of -h**4/12 - 7*h**2/2 - 7*h. What is r(0)?
-7
Suppose -4*m = -2*m - 12. Let z(p) = -4*p**3 + 8*p**2 + p + 3. Let u(b) = 5*b**3 - 9*b**2 - 2. Let y(f) = -3*u(f) - 4*z(f). Calculate y(m).
6
Let t(b) = -b + 1 + 1 + 3. Let s = -9 - -24. Suppose -2*i + 3*z + s = 0, 3*z + 5 = 5*i + 2*z. Determine t(i).
5
Let d(r) be the first derivative of -2*r + 1 + 1/3*r**3 + 0*r**2. Give d(-3).
7
Let s(p) be the third derivative of p**5/60 + 7*p**4/24 + 3*p**3/2 + 5*p**2. Calculate s(-6).
3
Let g(d) = d**2 - 5*d + 6. Let o(r) = -2*r**2 + 9*r - 13. Let u(t) = -7*g(t) - 3*o(t). Calculate u(8).
-3
Let v(y) = -y**3 - 5*y**2 - y - 2. Suppose 0 = -2*k + 5*k - 15. Suppose -5*z + 2*z - 2*n - 5 = 0, -2*z = n + k. Determine v(z).
3
Let q(y) = -9*y**3 + 2*y - 1. Let o(u) = 4*u - 2. Let c be o(4). Let b = c + -13. What is q(b)?
-8
Suppose 3*a + 65 = -2*a. Let v(u) = u**2 + 13*u - 3. Let f be v(a). Let z(c) = c**2 - 2. Determine z(f).
7
Let v(u) = u**3 + 4*u**2 + 4*u + 1. Let t(z) = -3*z + 29. Let f be t(11). Give v(f).
-15
Let l be 1 + 1 + 0 - 4. Let v(x) = x - 7*x + 2*x - 2. Give v(l).
6
Let i(g) = -g**2 + 6*g - 1. Let u be i(5). Suppose -z + 5*z = u. Let m(c) = -2*c**2 - 5*c**3 + c - 14 + 14. What is m(z)?
-6
Let v(a) = 2*a. Let q be v(2). Let w(h) = 2*h - 4. Give w(q).
4
Let j(r) be the first derivative of -r**4/4 - r**3 - 3*r**2/2 - 2*r - 1. Let f = 16 - 18. What is j(f)?
0
Let z(t) be the third derivative of 1/10*t**5 - 1/120*t**6 + 0*t - 1/6*t**4 + 0 + 2*t**2 + 1/6*t**3. Give z(5).
6
Suppose 3*t - 28 = -25*t. Let v(k) = 7*k**3 - 3*k**2 + k - 4. Let d(z) = 3*z**2 + 3*z + 0*z - 11*z**2 - 11 + 21*z**3. Let m(f) = 3*d(f) - 8*v(f). What is m(t)?
7
Let g(k) be the third derivative of -k**5/30 